et z be b(7). Let y = z - -43. What is the tens digit of y?
2
Let q(n) = -n**2 + 8*n - 4. Let s be q(7). Suppose -89 = -2*v + s*w, w + 3*w - 82 = -2*v. What is the units digit of v?
3
Let p = 23 + -22. What is the units digit of p?
1
Let u = -5 + 23. Suppose -t + 2*t - 2*l = 10, 3*l + 20 = 4*t. What is the units digit of u*6/9 - t?
0
Let l be (-3 - (0 + -3))*1. Suppose -2*p + 9 + 11 = 0. Suppose p = f - l*f. What is the tens digit of f?
1
Let h be 6/(-24) - 122/(-8). Let v = h + -10. What is the units digit of v?
5
Suppose 0 = 5*g - 2*g + 15. Let c = g - -17. What is the units digit of c?
2
Suppose 6*w - 2006 + 362 = 0. What is the tens digit of w?
7
Let o(n) = n + 12. Let q be o(-10). What is the units digit of 2/q - (-5 + 4)?
2
Let q = -4 - -6. Let w = 26 + -21. What is the units digit of q*1 + 35/w?
9
Suppose -9*s + 11 = -349. What is the tens digit of s?
4
Suppose 5*w + 5 = 0, 3*w - 104 = -3*p + 2*w. Let h = p + -20. What is the tens digit of h?
1
Let r(z) = -z**3 - 2*z**2 + 2*z - 4. Let i be r(-3). Suppose 2*x - 14 - 10 = 0. What is the units digit of x + 1 + i + 0?
2
Let u(n) be the third derivative of -n**4/24 - n**3/2 + 3*n**2. What is the units digit of u(-6)?
3
Let k(m) = -m**3 + 9*m**2 + 10*m + 7. Let r be k(10). Let s be 2/r + 12/7. Suppose b + 3*b = -s*v + 50, 4*v - 40 = -2*b. What is the units digit of b?
0
Let d(b) = b**3 + 7*b**2 + 8*b + 3. Let w be d(-6). Let p = w + 12. Suppose 0 = -p*f + 49 + 14. What is the units digit of f?
1
Let u(a) = -5 + 7*a**2 - 5*a**2 + 3*a + 6*a**2. What is the units digit of u(2)?
3
Suppose -l - 3*l = -2*a + 8, -3*a + 1 = 5*l. What is the units digit of a?
2
Suppose 2*v = -4*b - 2*v + 904, 0 = 3*b + 2*v - 679. What is the hundreds digit of b?
2
Suppose 104 - 416 = -12*o. What is the units digit of o?
6
Suppose -f = -4*f + 18. Suppose 0 = -w - 2*p + f, -2 = 4*p + 2. What is the units digit of w?
8
Let p(l) = 4*l**3 - 19*l**2 - 15*l + 16. Let x(n) = -3*n**3 + 18*n**2 + 16*n - 16. Let w(y) = 2*p(y) + 3*x(y). What is the units digit of w(17)?
1
Let u be (-206)/(-7) + 13/((-728)/24). Let c(f) = 7*f + 1. Let s be c(-2). Let j = u + s. What is the units digit of j?
6
Let z = -2 - -5. Suppose z*i = 2 + 10. What is the units digit of i?
4
Let d(y) = -y**2 - 5*y - 2. Let t be d(-2). What is the units digit of -1 + (4 - (t + -6))?
5
Suppose 0*y + r - 8 = -3*y, 2*y + 5*r = -12. Suppose 22 = 5*b + 2. Suppose -y*h = -i - 0*i - 10, b*i = -4*h. What is the units digit of h?
2
Let d = -34 - -58. What is the units digit of d?
4
Suppose -s = -2*s + 4*g + 70, -4*g = 5*s - 326. What is the units digit of s?
6
Suppose 3 = -2*h + p, -3*h + 4*p - 22 = -p. What is the units digit of (2 + h)*(2 + -1)?
3
Let m(p) = 3*p**2 + 0*p**2 + 3*p + 0 - p**3 + 0 + 1. What is the tens digit of m(3)?
1
Let v(o) = -2 + 1 - 4*o + o**2 + 4*o - o. What is the units digit of v(-2)?
5
Suppose 5*f - 316 = -26. What is the units digit of f?
8
Suppose 4*o = -o + 290. What is the units digit of o?
8
Let b(x) be the first derivative of 2/3*x**3 - 1/2*x**2 - 1 - x. What is the units digit of b(-2)?
9
Let w be 2/4*-2*-20. Suppose -d + w = 3*d. Suppose -2*r + 48 = r - 3*a, -3*a - 82 = -d*r. What is the tens digit of r?
1
Suppose 4*d - 172 = -0*d. What is the tens digit of d?
4
Let b(z) = z. Let y be b(0). Suppose -2*x + 7 + 11 = y. What is the units digit of x?
9
Suppose 0 + 6 = 3*a. Suppose -a*c + 21 = -5*z + 7, 0 = 3*z + 12. Let i(g) = -g**3 - 3*g**2 + g + 4. What is the units digit of i(c)?
1
Suppose -g - 4*g - 20 = 0. Let x = 5 + g. What is the units digit of x?
1
Let a be (-6 + 4)*(-1)/(-2). Let w be (2 - (0 + 2)) + a. Let x = 3 + w. What is the units digit of x?
2
Let z be (-6)/(-1*(0 - -1)). Let g be 3/z + (-7)/(-2). Suppose g*k = -k + 25. What is the units digit of k?
5
Let b(o) = -3*o - 8. Let y be b(-10). Suppose -y = -5*u + 8. What is the units digit of u?
6
Suppose -7*d + 1029 = -0*d. What is the tens digit of d?
4
Suppose -778 = -14*p + 1714. What is the hundreds digit of p?
1
Let b = -35 - -44. What is the units digit of b?
9
Let p = 189 + -4. What is the units digit of p?
5
Suppose -c = 2*z - 126, 4*z + 94 = -5*c + 346. What is the units digit of z?
3
Let t = -28 - -20. Let j(h) = -h**3 - 5. Let m be j(0). Let d = m - t. What is the units digit of d?
3
Let s(d) = 3*d + 2. Let a(f) = f + 1. Let o(v) = -10*a(v) + 4*s(v). What is the units digit of o(3)?
4
What is the hundreds digit of 39*5/(-15)*-13?
1
Suppose 0 = 4*v - v - 3*q - 57, q + 5 = 0. What is the units digit of (v/(-4))/(2/(-4))?
7
Let y be 0 - 0 - (-4 - 1). Suppose y*z = 3*z + 54. What is the units digit of z?
7
Let r = 106 + -58. Suppose -r = -3*x - 18. What is the units digit of x?
0
Let m(u) = u**2 - 9*u + 8. Let x be m(7). Let d be x/2 - -3 - 10. Let q = d - -18. What is the units digit of q?
8
Suppose 0 = 9*j - 4*j - 10. What is the units digit of j?
2
Suppose -q + 2*q = 0. Suppose -4*g = -3*a - 1 - 10, q = -4*g - 2*a + 6. Suppose g = -4*z + 26. What is the units digit of z?
6
Let c(k) = k**2 + 9*k + 31. What is the tens digit of c(-15)?
2
Let j = 8 + -5. Suppose -t = 4*t + j*f - 26, 5*f - 10 = 0. Suppose -5*s - 2*b = -t*b - 26, 3*b - 18 = -2*s. What is the units digit of s?
6
Suppose 3*u - 73 = -c, -c + 2 = c. What is the units digit of u?
4
Let k(m) = -3*m + 9. What is the tens digit of k(-5)?
2
Suppose -5*o = -3*p + 309, -4*o = -13 + 1. What is the units digit of p?
8
Let u(q) = q**2 - 7*q + 9. Let k be u(6). Let i = -1 + k. What is the units digit of i?
2
Let t(d) = -8*d**3 + d. Let u be t(-1). Let x = u + -5. What is the units digit of x?
2
Let s = -305 - -532. What is the hundreds digit of s?
2
Let r be (5/(-2))/(3/(-6)). Suppose -4*y - 5*t + 8 = 0, 0 = 5*y - r*t - 0*t - 55. What is the units digit of y?
7
Let k(i) = -i**2 + 2*i + 1. Let p be k(2). Let n(b) = 35*b**2 - 3*b + 1. What is the tens digit of n(p)?
3
Let a be 0/(-4) - (0 - -6). Let t = a - -19. What is the tens digit of t?
1
Suppose 312 = 4*o - 104. Suppose 0 = z - 5*z + o. What is the units digit of z?
6
Suppose -5*a - 38 = -118. What is the units digit of a?
6
Let f(b) = b + 23. Let d(p) = p + 11. Let h(g) = -9*d(g) + 4*f(g). Let a be h(-7). Suppose -4*q + a = -2*q. What is the tens digit of q?
1
Let b be (2 - 6)*3/4. Let k = 17 - b. What is the units digit of k?
0
Let k(u) = -u**2 + 16*u - 17. Let x be k(7). Let w = 64 - x. What is the units digit of w?
8
Let w(i) = 10*i - 2. Let a be w(-3). What is the tens digit of ((-21)/14)/(3/a)?
1
Let x be (6/15)/(3/(-60)). Let n(j) = -j**3 + 0*j**2 - 6*j**2 - 2*j - 2*j**2 - 10. What is the units digit of n(x)?
6
Suppose 22 + 3 = 5*r. Let m = -3 + r. What is the units digit of 6*((0 - m) + 3)?
6
Let t(a) = a**3 + a**2 - a + 2. Suppose 4*g = 5*g - 1. Let y = g - 1. What is the units digit of t(y)?
2
What is the tens digit of (-4)/(-14) - 486/(-14)?
3
What is the units digit of -4 + 7 - (2 + -5)?
6
Let w be (-2 + 3)*-1 - -31. Suppose q = -2, 3*p - w = p - 2*q. What is the units digit of p?
7
What is the tens digit of (-1)/(2/(-30)) + 0?
1
Let f be 13/(-2 + 5 - 2). Let r = 26 - f. Suppose 15 = 4*l - r. What is the units digit of l?
7
Let k(r) = -r**3 + 5*r**2 + 8*r + 4. Let y be -4*(2/(-4) + -1). What is the tens digit of k(y)?
1
Let q(o) = 2*o**2 + 6*o - 9. Let d be q(4). Suppose -5*b = -28 - d. What is the units digit of b?
5
Suppose -11*d = -6*d - 130. What is the tens digit of d?
2
Suppose l = 2*l - 161. What is the hundreds digit of l?
1
Let i be 1/(-1 + 2) - 3. Suppose 0 = -4*y - 0*y + 72. What is the units digit of 40/y + i/9?
2
Let z = 23 + -8. What is the tens digit of 16/120 - (-238)/z?
1
Let w(j) = -84*j + 3. What is the tens digit of w(-1)?
8
Let t(b) = -17*b**3 + 2*b**2 + 2*b + 1. Let y be t(-1). Suppose -4*a + y = -2. Let v = 10 - a. What is the units digit of v?
5
Suppose -w = -r - 7, r - 17 = -4*w - w. Suppose -o = w*o. Suppose o = -z + 14 - 5. What is the units digit of z?
9
Let p(d) = -d**3 - 18*d**2 + 7*d - 25. Let i be p(-19). Suppose -4*l - 47 = -i. What is the units digit of l?
9
Let s = 2 + 0. Let g = 6 - s. Suppose -y + 31 = g*i, -2*i + 2*y - y + 23 = 0. What is the units digit of i?
9
Suppose 2*a = 5 + 3. What is the units digit of a?
4
Suppose 2*k - 8 = 2*b + 4*k, 0 = -4*b - 2*k - 16. What is the units digit of (-204)/(-28) + b/14?
7
Le